t z be (-1 - -64)*((-28)/3)/p. What is the greatest common divisor of 12 and z?
6
Let g(n) = 21*n + 1095. Let q be g(-52). Suppose -2*l + 3*l = -5*h + 6, -5*h - 5*l = 10. Suppose h*u - 12 = u. What is the highest common divisor of q and u?
3
Let m = 276 + -90. Let p = 189 - m. Calculate the greatest common divisor of 31 and p.
1
Let s(n) = -6*n - 64. Let c be s(-13). Let o = 47 - 37. Suppose p + o = -0*p + 4*b, p = b - 1. Calculate the highest common factor of c and p.
2
Suppose 2*d + 37 - 158 = -5*x, 4*d = 4*x - 136. What is the highest common divisor of x and 9693?
27
Suppose -3*k + 16*y = 19*y - 21, 2*k - 56 = 5*y. What is the highest common divisor of k and 3328?
13
Let f be ((-21900)/360 - (-5)/6)/((-8)/164). Calculate the greatest common divisor of f and 600.
30
Suppose 277*i = 272*i. Suppose i = -2*x - 5*n + 122, 10*n - 8*n = 8. Calculate the greatest common factor of 153 and x.
51
Let w be (-18)/33 - (-2898)/231. Suppose -y + w*y = 4356. What is the highest common divisor of 9 and y?
9
Let t be (-236340)/(-84) + 4 + (-15)/(-35) + -4. Calculate the highest common divisor of 168 and t.
42
Suppose -33*i + 27*i = 24. Let z be (-270)/(-42) + i/(-7). Let q(d) = d + 5. Let r be q(-4). Calculate the greatest common divisor of r and z.
1
Suppose -87*h + 86*h + 8 = 0. Let t be (-36)/(-27)*42/h. Let v be (14/(-8))/(3/(-48)). Calculate the highest common factor of t and v.
7
Let u(k) = 30*k**2 + 22*k + 6. Let p be u(8). What is the highest common divisor of 2 and p?
2
Let i(f) = -f**2 + 22*f - 20. Let c be i(20). Suppose 13*z = 8*z + c. Suppose -z*m = 2 - 258. Calculate the highest common divisor of 16 and m.
16
Let s = 11186 - 4659. What is the greatest common divisor of 428 and s?
107
Suppose 2412*h - 2176 = 2395*h. What is the greatest common divisor of 352 and h?
32
Let c be 12/10*824600/21. Calculate the greatest common divisor of 310 and c.
310
Let a(c) = 17*c + 75. Let h be a(-4). Suppose 9*d - 28 = h*d. What is the highest common factor of d and 28?
14
Let k = -36 + 42. Let b be (-2 - -1)/(k/12). Let r be b*1/9 - (-800)/36. What is the greatest common factor of r and 154?
22
Let m(b) = -5*b**2 - 58*b - 27. Let h be m(-11). Suppose 7*o - 154 = h*o. Calculate the highest common divisor of 44 and o.
22
Let g be (-1)/(3 + 39/(-12)). Suppose 368 = -g*p - 184. Let v = -83 - p. Calculate the highest common factor of v and 11.
11
Let r be (-45)/(-210) - 3*(-15771)/98. What is the highest common divisor of 667 and r?
23
Let v(g) = -g**3 - 3*g**2 + 14*g - 4. Let p be v(-6). Suppose -14 + p = 2*o. Suppose -o*s = -2*s - 21. Calculate the greatest common factor of s and 63.
21
Suppose x - 38*d - 89 = -39*d, -4*x - 5*d + 361 = 0. Calculate the highest common divisor of 119 and x.
7
Let i = 842 - -688. Suppose 0 = 12*q + 3*q - i. What is the highest common factor of q and 306?
102
Suppose 1056 = s - 3*j, 16*s - 15*s = 2*j + 1054. Calculate the highest common factor of 120 and s.
30
Suppose -6*a = -2*a - 112. Let x = 153 + -118. Let u be 72*2/(20/x). What is the highest common divisor of u and a?
28
Let l be 12*(10/(-8))/(-5). Let v be (2 + 1)*151/l*2. Suppose 4*d + d - 4*q = v, -5*q = 2*d - 134. What is the highest common divisor of 93 and d?
31
Suppose v = -v + 150. Suppose 19*u + 96 = 856. Suppose -5*i + 79 = 2*m, -2*i + u = 13*m - 8*m. What is the highest common factor of i and v?
15
Let v be 5/(11 + (-3498)/319). What is the greatest common factor of 265 and v?
5
Let k = -314 - -332. Suppose -24*l = -k*l - 132. Calculate the greatest common divisor of l and 6.
2
Let d be ((-480)/(-36) - 12)*9/2. Suppose 46*t = -d*t + 15444. What is the greatest common divisor of 81 and t?
27
Let k be ((-36)/14)/((-1)/14). Let q be 14/(-4)*248/217. Let l be q/(-6)*(17 + -11). Calculate the highest common factor of k and l.
4
Suppose 34*d = 24*d - 150. Let q(w) = 3*w + 21. Let u be q(d). Let k = u - -44. Calculate the greatest common divisor of 10 and k.
10
Let m = -107 + 115. Let b be (-1 - 1)*(-20)/m. Suppose 2*h - 9 = -g, 0 = -b*g - 0*g + 4*h + 3. Calculate the highest common factor of g and 2.
1
Let w = -1336 - -1938. Calculate the highest common divisor of 14 and w.
14
Suppose 1792 - 289 = 2*d - 2465. What is the greatest common divisor of d and 1116?
124
Let i be (-2)/(8*21/(-65184)). Let j = 15 - 7. Calculate the highest common factor of j and i.
8
Let v be 0/(8 + -6 - 1). Let c be 374/44*(2 - v). Calculate the highest common divisor of 34 and c.
17
Let f(g) = 11*g**2 + 5*g - 146. Let t be f(10). Suppose -o = 81 + 590. Let h = o + t. What is the greatest common factor of h and 37?
37
Let n(o) = -9*o**3 - 8*o**2 + 5*o + 46. Let j be n(-8). What is the greatest common divisor of j and 42?
14
Suppose -4 = g - 3*r + 4, -40 = 5*g + 5*r. Let b be (g/(-6))/(2/792). What is the greatest common divisor of 33 and b?
33
Suppose -2*r - 3*g = -2, -7*r + 5*r + 10 = -g. Let u be (2/4 - 0)*32/r. Calculate the highest common factor of 72 and u.
4
Suppose 34*a + 243108 = 794384. Calculate the greatest common divisor of 402 and a.
134
Let y(n) = -n**2 - 19*n - 90. Let u be y(-9). Suppose -81*q + 76*q + 65 = u. Calculate the highest common factor of 169 and q.
13
Let f be -5*169/(-5) - 15. Calculate the greatest common factor of 1309 and f.
77
Let c(q) = 2*q + 20. Let s be c(-12). Let o be 272/12 + s + (-4)/6. What is the greatest common divisor of 117 and o?
9
Let g(a) = 3*a**3 - 23*a**2 + 27*a - 20. Let r be g(7). What is the highest common factor of 5751 and r?
71
Suppose -4*i + 3*k - 78 = -206, 0 = 3*k. What is the highest common divisor of 2144 and i?
32
Suppose 111*v - 996*v + 35400 = 0. Suppose -5*r = -0*o + 2*o - 690, 5*o - 4*r = 1692. What is the greatest common factor of o and v?
20
Let t be ((-40)/(-16))/((-7 + 15)/2352). Suppose -23*n + 60 = -19*n. Calculate the highest common divisor of n and t.
15
Let n be 54/4*(-76)/(-6). Let k(u) = 4026*u - 23928. Let t be k(6). What is the greatest common divisor of t and n?
57
Let t(d) = -166*d**3 - 16*d**2 - 21*d - 32. Let z be t(-4). What is the highest common factor of 60 and z?
20
Suppose 0 = -q + 11 + 17. Suppose 12*o - 324 = 588. Let f = o - q. What is the greatest common factor of f and 16?
16
Let l(a) = -a**2 - 63*a - 54. Let f be l(-26). Let s = f - 598. What is the greatest common factor of 30 and s?
10
Let j be (-8)/20*1 + (-2)/(-5). Suppose -5*v + w - 254 + 1514 = j, 5*w - 784 = -3*v. What is the highest common factor of 23 and v?
23
Let x = -68 - -75. Let f = -3 + x. Let h be f/(-14) + 3/((-63)/(-510)). What is the highest common factor of 216 and h?
24
Suppose r = -h - 3*r, -5*h - r = -19. Suppose -h*a - 62 = -198. Calculate the greatest common factor of a and 85.
17
Let a(h) = -h + 3. Let v be a(3). Suppose 2*l - 27 = -5*o + 105, v = o + l - 24. Suppose 51*w - o = 49*w. Calculate the highest common divisor of 84 and w.
14
Suppose k - 15 = -2*k. Let s be (-20 - (-3484)/182) + (-4)/(28/(-41)). Calculate the highest common factor of s and k.
5
Let g be (1/2)/(10/(-120)*-1). Let d = 151 + -97. What is the greatest common factor of d and g?
6
Let s = 54 - 30. Let f be 2865/20 + 6*3/s. Suppose -5*w + 19 = -4*w + a, 4*w - 67 = 5*a. What is the highest common divisor of f and w?
18
Suppose -3*l = -s + 12, -7 = -2*s + 5*l + 13. Suppose 4*f - 39 + 11 = s. Suppose 12*c - f*c - 110 = 0. What is the highest common factor of 55 and c?
11
Let t = 14490 + -14479. Calculate the greatest common factor of 1793 and t.
11
Suppose 3*o + 5*n + 44 = 157, -3*o = -4*n - 50. Let p = 149 + -6. What is the highest common divisor of p and o?
13
Suppose 5*a = 3*y + 231, -3*y - 17 = 4*a - 218. Let t be (-6)/12*4*-48. What is the greatest common divisor of a and t?
48
Let z(p) = 19*p - 7. Let q be z(5). Let a be q - ((-1)/(-1) - -3). Let r be (-2*(-3)/8)/((-7)/(-112)). What is the greatest common divisor of a and r?
12
Let b be ((-592)/72)/((-25)/225). Calculate the highest common factor of b and 158.
2
Let g be 656/(-21)*18/(-4) - (-88)/(-154). Calculate the highest common divisor of g and 3836.
28
Let s = 284 + -196. Suppose -7*r + s + 24 = 0. Let a be (1/(-3))/((-207)/(-216) + -1). What is the highest common factor of a and r?
8
Let q(l) = 10*l**2 + 125*l + 1747. Let p be q(-27). Calculate the highest common divisor of p and 38.
38
Suppose 